at are the prime factors of 2706?
2, 3, 11, 41
What are the prime factors of 3782?
2, 31, 61
What are the prime factors of 9098?
2, 4549
List the prime factors of 7423.
13, 571
What are the prime factors of 4772?
2, 1193
What are the prime factors of 19881?
3, 47
List the prime factors of 2459.
2459
List the prime factors of 11982.
2, 3, 1997
What are the prime factors of 829?
829
List the prime factors of 882.
2, 3, 7
List the prime factors of 4798.
2, 2399
What are the prime factors of 3056?
2, 191
What are the prime factors of 1321?
1321
What are the prime factors of 954?
2, 3, 53
List the prime factors of 804.
2, 3, 67
List the prime factors of 1320.
2, 3, 5, 11
What are the prime factors of 1767?
3, 19, 31
List the prime factors of 7512.
2, 3, 313
What are the prime factors of 1611?
3, 179
List the prime factors of 188420.
2, 5, 9421
What are the prime factors of 115?
5, 23
List the prime factors of 12134.
2, 6067
List the prime factors of 10251.
3, 17, 67
What are the prime factors of 5359?
23, 233
List the prime factors of 398.
2, 199
What are the prime factors of 1794?
2, 3, 13, 23
What are the prime factors of 12918?
2, 3, 2153
List the prime factors of 9.
3
What are the prime factors of 204?
2, 3, 17
What are the prime factors of 25220?
2, 5, 13, 97
List the prime factors of 9217.
13, 709
List the prime factors of 5846.
2, 37, 79
What are the prime factors of 26682?
2, 3, 4447
What are the prime factors of 58120?
2, 5, 1453
What are the prime factors of 657?
3, 73
List the prime factors of 585.
3, 5, 13
List the prime factors of 9319.
9319
List the prime factors of 378.
2, 3, 7
What are the prime factors of 7923?
3, 19, 139
List the prime factors of 1203.
3, 401
What are the prime factors of 142024?
2, 41, 433
What are the prime factors of 1887?
3, 17, 37
List the prime factors of 5656.
2, 7, 101
List the prime factors of 25243.
25243
List the prime factors of 5423.
11, 17, 29
What are the prime factors of 7467?
3, 19, 131
List the prime factors of 772.
2, 193
List the prime factors of 1804.
2, 11, 41
List the prime factors of 2196.
2, 3, 61
List the prime factors of 4851.
3, 7, 11
What are the prime factors of 79011?
3, 8779
What are the prime factors of 1153?
1153
What are the prime factors of 5351?
5351
List the prime factors of 940.
2, 5, 47
List the prime factors of 31636.
2, 11, 719
List the prime factors of 45551.
11, 41, 101
List the prime factors of 6151.
6151
List the prime factors of 44597.
7, 23, 277
List the prime factors of 7898.
2, 11, 359
List the prime factors of 623.
7, 89
List the prime factors of 26395.
5, 5279
List the prime factors of 21052.
2, 19, 277
List the prime factors of 14948.
2, 37, 101
List the prime factors of 693.
3, 7, 11
What are the prime factors of 469?
7, 67
What are the prime factors of 4763?
11, 433
What are the prime factors of 3618?
2, 3, 67
What are the prime factors of 975?
3, 5, 13
What are the prime factors of 7020?
2, 3, 5, 13
List the prime factors of 1150.
2, 5, 23
What are the prime factors of 25?
5
List the prime factors of 1429.
1429
List the prime factors of 197.
197
List the prime factors of 1361.
1361
What are the prime factors of 14935?
5, 29, 103
List the prime factors of 32746.
2, 7, 2339
What are the prime factors of 706?
2, 353
What are the prime factors of 19577?
19577
List the prime factors of 29115.
3, 5, 647
What are the prime factors of 928?
2, 29
What are the prime factors of 1714?
2, 857
What are the prime factors of 904?
2, 113
List the prime factors of 10105.
5, 43, 47
List the prime factors of 80659.
79, 1021
List the prime factors of 574.
2, 7, 41
What are the prime factors of 3014?
2, 11, 137
What are the prime factors of 436?
2, 109
What are the prime factors of 12179?
19, 641
List the prime factors of 20365.
5, 4073
List the prime factors of 30350.
2, 5, 607
What are the prime factors of 10995?
3, 5, 733
What are the prime factors of 32735?
5, 6547
List the prime factors of 9284.
2, 11, 211
List the prime factors of 1216.
2, 19
What are the prime factors of 6886?
2, 11, 313
List the prime factors of 8231.
8231
List the prime factors of 1530.
2, 3, 5, 17
List the prime factors of 1593.
3, 59
What are the prime factors of 2576?
2, 7, 23
List the prime factors of 90421.
19, 4759
List the prime factors of 419.
419
List the prime factors of 33673.
151, 223
What are the prime factors of 9257?
9257
What are the prime factors of 574?
2, 7, 41
List the prime factors of 12701.
13, 977
List the prime factors of 3391.
3391
List the prime factors of 309.
3, 103
What are the prime factors of 4743?
3, 17, 31
List the prime factors of 2985.
3, 5, 199
List the prime factors of 379.
379
List the prime factors of 18548.
2, 4637
What are the prime factors of 2457?
3, 7, 13
List the prime factors of 2278.
2, 17, 67
What are the prime factors of 1261?
13, 97
What are the prime factors of 53528?
2, 6691
What are the prime factors of 932?
2, 233
What are the prime factors of 62787?
3, 20929
What are the prime factors of 2678?
2, 13, 103
List the prime factors of 1805.
5, 19
List the prime factors of 29570.
2, 5, 2957
List the prime factors of 42985.
5, 8597
What are the prime factors of 6055?
5, 7, 173
What are the prime factors of 924?
2, 3, 7, 11
What are the prime factors of 45083?
45083
What are the prime factors of 33587?
33587
What are the prime factors of 5512?
2, 13, 53
What are the prime factors of 3637?
3637
What are the prime factors of 23247?
3, 7, 41
List the prime factors of 449.
449
List the prime factors of 169.
13
List the prime factors of 1602.
2, 3, 89
What are the prime factors of 4535?
5, 907
List the prime factors of 8619.
3, 13, 17
What are the prime factors of 86338?
2, 7, 881
List the prime factors of 1579.
1579
List the prime factors of 2465.
5, 17, 29
What are the prime factors of 825?
3, 5, 11
What are the prime factors of 4343?
43, 101
What are the prime factors of 13962?
2, 3, 13, 179
List the prime factors of 9868.
2, 2467
List the prime factors of 44428.
2, 29, 383
What are the prime factors of 43796?
2, 10949
What are the prime factors of 2867?
47, 61
List the prime factors of 1017.
3, 113
What are the prime factors of 2120?
2, 5, 53
What are the prime factors of 13609?
31, 439
List the prime factors of 14649.
3, 19, 257
List the prime factors of 37948.
2, 53, 179
List the prime factors of 2726.
2, 29, 47
List the prime factors of 1285.
5, 257
What are the prime factors of 115000?
2, 5, 23
List the prime factors of 13650.
2, 3, 5, 7, 13
List the prime factors of 1111.
11, 101
List the prime factors of 1180.
2, 5, 59
What are the prime factors of 4831?
4831
What are the prime factors of 18349?
59, 311
List the prime factors of 395.
5, 79
List the prime factors of 640.
2, 5
List the prime factors of 3605.
5, 7, 103
List the prime factors of 12075.
3, 5, 7, 23
List the prime factors of 24814.
2, 19, 653
What are the prime factors of 618?
2, 3, 103
List the prime factors of 25073.
25073
List the prime factors of 4049.
4049
List the prime factors of 24637.
71, 347
List the prime factors of 21155.
5, 4231
List the prime factors of 4176.
2, 3, 29
What are the prime factors of 3559?
3559
List the prime factors of 82925.
5, 31, 107
What are the prime factors of 7939?
17, 467
What are the prime factors of 20338?
2, 10169
List the prime factors of 1286.
2, 643
What are the prime factors of 663?
3, 13, 17
List the prime factors of 895.
5, 179
List the prime factors of 58.
2, 29
List the prime factors of 13477.
13477
What are the prime factors of 21899?
61, 359
What are the prime factors of 15559?
15559
List the prime factors of 20898.
2, 3, 43
List the prime factors of 316.
2, 79
List the prime factors of 5920.
2, 5, 37
List the prime factors of 40023.
3, 4447
List the prime factors of 17179.
41, 419
What are the prime factors of 3684?
2, 3, 307
What are the prime factors of 9744?
2, 3, 7, 29
List the prime factors of 1832.
2, 229
List the prime factors of 13648.
2, 853
List the prime factors of 1400.
2, 5, 7
List the prime factors of 38401.
11, 3491
List the prime factors of 8392.
2, 1049
What are the prime factors of 4485?
3, 5, 13, 23
List the prime factors of 5805.
3, 5, 43
List the prime factors of 211.
211
What are the prime factors of 3621?
3, 17, 71
